-4 - (11 + -8))?
11
What is 25 + -30 + 2 + 2?
-1
Evaluate -6 + 9 + (7 - 11) - (-6 + 0).
5
What is the value of (-14 - 19) + (-3 - -31)?
-5
Evaluate -30 + 57 + -26 + 11.
12
Evaluate 41 + -58 + (18 - 3).
-2
Evaluate (4 + (-8 - 7) - 4) + 7 - 8.
-16
Evaluate (-47 + 13 - -15) + 31.
12
What is the value of -1055 + 1039 - (-25 + 1)?
8
Evaluate (-22 + 2 - (49 + -58)) + 19.
8
What is the value of -4 + -22 + 37 + -17 + (-2 - 3)?
-11
Calculate 13 + (-13 - -9) + (-5 - -4).
8
What is the value of 0 - (13 + -31 + 11)?
7
What is -3 - (-6 - (4 + -8)) - -6 - -5?
10
Calculate -2 + -8 + (10 - -6 - -12) + 0.
18
What is (19 - 7 - 12) + -11?
-11
Calculate (0 - -5) + -4 + -5 + (3 - 1).
-2
What is -11 - (7 - (18 + -10)) - 2?
-12
What is the value of -4 + -1 - (1 + -10) - (17 - 2)?
-11
-11 + -5 + -1 + (25 - 17 - 18)
-27
(-24 - -70) + 3 - 36
13
Calculate 2 + -2 + (-6 - 1) + 12 + -5.
0
What is the value of 0 + -6 + -7 + 6 + 8 + 5?
6
What is 4 + (14 - 14) + 0 + -21 - -4?
-13
Calculate -34 + (-1 - 13 - -18) + 7.
-23
What is the value of (-1 - -3) + ((-12 - -8) + 2 - -6)?
6
Evaluate 31 + -39 - (-3 + (-4 - -7)).
-8
What is 0 + (-3 + 9 - 5)?
1
What is 5 + -9 - (-6 + -1 + (5 - 4))?
2
Calculate 2 + -6 - (0 - (-12 + -9 + 4)).
-21
What is the value of 2 + 4 - (42 - 35)?
-1
Evaluate -20 - (-28 + 10) - 10.
-12
What is (-3 - 2) + 15 - (-15 - -15)?
10
What is the value of 17 - (-6 - (-22 + 1)) - (11 + -1)?
-8
What is -3 + -6 + 33 + 4 + (-2 - -3)?
29
Evaluate 4 - (-12 + 37 - -1).
-22
Evaluate -1 + 11 - (-1 - 27 - -28).
10
(-2 - -2) + (-94 - -97)
3
Calculate 16 - (1 + -1) - (-2651 + 2663).
4
Evaluate 8 - (21 + (-7 - -5)).
-11
What is (1 - -1) + (11 - (-6 - -11)) + -22?
-14
What is the value of 22 - (61 - 14) - -16?
-9
What is 2 + (-7 - ((-8 - -3) + 0 - -1))?
-1
Calculate (-2 - -11) + (11 - -2) + -27.
-5
Evaluate 1 - (11 + -4 + (-14 - -3)).
5
Evaluate -19 - (-13 - (19 + -20)).
-7
What is 16 - -2 - 19 - (0 + 1 + -10)?
8
0 + 11 - (-114 + 136) - 1
-12
Evaluate 2 + 3 - (3 - 1 - 4).
7
What is (-4 - -2) + -76 + 88?
10
(-23 - 4) + 13 + 18 + 13
17
What is -12 - (-8 + 18 + -49)?
27
What is 11 + (1 - -7) + -14 - -10?
15
Evaluate 1 - 8 - (15 + -21 + 19).
-20
Evaluate 11 - 15 - (1 + -9) - (33 + -23).
-6
Calculate 3 + -12 + 0 + -1.
-10
What is (-18 - -16 - -22 - (4 - 1)) + -2?
15
Calculate (0 - -11) + (-2 - 2) + -138 + 134.
3
What is 16 + (-11 - 36 - -4 - -11)?
-16
11 - ((-38 - -21) + 29)
-1
Calculate 1 - 2 - (-5 - (-7 - -14 - -4)).
15
Calculate -15 + 24 + 1 - 23.
-13
Evaluate (1 - 6) + (6 - (1 - -3)) - 8.
-11
Calculate 24 + -15 - -6 - 8.
7
Evaluate 2 + -52 + 402 + -365.
-13
12 - (-2 + -2 + -4 + 1 + 15)
4
14 - 2 - (-28 - -34) - (3 + 10)
-7
What is -9 + 2 + 5 - -9 - (2 - -1)?
4
Calculate 4 - (1 + -17 + 16 + (1 - 7)).
10
(14 - 23 - -12) + -6
-3
Evaluate (4 - (1 - -7)) + 1.
-3
What is the value of 24 - 16 - (13 + 11)?
-16
What is 319 - 304 - ((0 - -2) + -3 + 1)?
15
56 + -67 + 4 + (2 - 0)
-5
Evaluate -5 - (-2 + (2 - 5 - 2 - -5)).
-3
What is -18 + 15 + -7 - -20?
10
What is the value of -6 + -1 + 0 + (3 - (-1 + -1))?
-2
2 + (7 - (-2 + (-11 + 2 - -18)))
2
(-38 - -21) + (-14 - -12)
-19
What is -3 + (-4 - (8 + -14)) + -4?
-5
(58 - 51) + (3 + -1 - (-7 - 3))
19
Calculate -6 - (-14 + 13 + 3).
-8
Evaluate (-8 - 2 - 1 - -3) + (0 - -2).
-6
What is -2 - 2 - (71 + -85)?
10
What is the value of 6 - -3 - 6 - 5 - 4?
-6
What is the value of 3 - ((40 - 15) + -19)?
-3
Evaluate (-18 - (-9 + 1)) + -9.
-19
Calculate (-1 - 16 - (-8 + -1)) + -8.
-16
(17 - 13) + -1 - (0 - -12) - -4
-5
What is the value of 8 - (15 - (0 + 6)) - -8?
7
Evaluate -33 + -39 + 76 + -38.
-34
What is 23 - (12 + -15 + 8)?
18
Calculate -59 + 71 - (15 + -1).
-2
What is -9 + 16 + 19 - -7?
33
What is the value of (6 - 5) + 2 + 15?
18
What is (-4 + -5 - 0) + -13 + 7 + 12?
-3
Calculate 2 - (-1 + 2 + (-4 - -5) + -2).
2
-17 + (23 - 27) - -33
12
What is the value of 1 - (4 - 3) - ((7 - 4) + -11)?
8
What is 6 + (-22 - 7) + 6?
-17
What is -14 + 4 + 15 - 13?
-8
Evaluate 4 - (-1 + (6 - -1) + -21).
19
What is the value of -8 + -1 - (1 + 10 + -6 - 18)?
4
Evaluate 8 + (9 + (-7 - -6) - 8).
8
What is (-4 - -6 - 1 - -11) + (-1 - -1)?
12
What is -3 + 1 - (-9 + 16) - -6 - -1?
-2
What is the value of 10 + 8 - (-7 + (-3 - (-1 - 11)))?
16
What is -11 + -2 - 1 - (28 - (39 - 15))?
-18
Calculate (2 - 4) + 5 - (11 + (-14 - 10)).
16
Evaluate 10 - (3 + (-4 + 8 + 6 - 9)).
6
-1 + 33 + 1 + -1 + -1 + -8
23
What is (-1 + 5 - (72 + -62)) + 5?
-1
Evaluate -31 - (26 - (47 - -20)).
10
Evaluate 39 - (-30 + 60) - (-1 + -1).
11
What is (8 - (0 + (-6 - -2))) + -8 + 17?
21
Calculate (-3 - (-2 - 3) - -4) + -7 + -8.
-9
Calculate -30 + (23 - 42) + 27.
-22
(50 + -9 - 4) + (-6 - 9)
22
What is 10 + -27 + (1 - -2) + -2?
-16
-1 + (1 + -13 - -12)
-1
What is the value of 0 + 0 + (-2 - (-9 - -4 - -6))?
-3
(-17 - ((15 - 12) + 11)) + -4
-35
-7 - 1 - (-41 - -10 - -31)
-8
What is 14 - (3 - (3 + -3 + 4 + -6))?
9
(-3 - (-2 - (4 + -17))) + 37
23
Calculate 0 - -4 - (-13 + 13) - 5.
-1
What is the value of (6 - 7) + (29 + -19 - -11)?
20
Evaluate -82 + 74 - (14 + 4 + -8).
-18
16 - (8 + -2 + -13)
23
Evaluate (3 - 5) + 2 - (-3 + 2 + 0).
1
Calculate (-3 - 0) + (12 - (-1 + -16 + 14)).
12
1 - (-2 + -2 - -2) - (-29 - -34)
-2
Calculate -24 + 19 + -8 - -46.
33
What is the value of -3 + 2 + 17 - (-106 + 34 - -68)?
20
6 + (15 - 27 - -18) - -3
15
Calculate -7 + 0 + 8 - 2 - -2 - -8.
9
Calculate 28 + 2 + -59 - -13.
-16
What is the value of (-40 - -11) + -6 + 26?
-9
Calculate (-2 + 0 - -4) + (-6 - -1) + -7.
-10
(22 + -17 - (4 - -2)) + -4 + 11
6
Evaluate -3 + -3 - 16 - -41.
19
What is the value of -7 + 10 + (8 + -15 - (-1 + -24))?
21
What is the value of 4 + -1 - (-26 - (10 + -28))?
11
Evaluate -3 + 1 + (27 + -30 - -6).
1
What is the value of 0 + -21 + -2 + 22 + -32 + 16?
-17
What is 916 - 936 - (-39 - -2)?
17
What is the value of -1 + -7 + (-2 - -15)?
5
-55 - (-8 + 10) - (-43 + 25)
-39
Calculate (-3 - -42) + (68 - 86).
21
Calculate -10 + -2 + 38 + -36 + 16.
6
Evaluate 9 + -17 + (-13 - -6).
-15
Evaluate -29 - (-3 - (-2 + 0 + 4)).
-24
What is 42 + -6 + -7 - 47?
-18
What is the value of 21 + ((1 - -8) + -17 - 5)?
8
What is 5 - (10 + -8) - (-2 + 2)?
3
Evaluate -7 + (18 - (5 - 16 - -15 - -6)).
1
What is 3 - (-4 + -5 + 3 + 2)?
7
What is the value of (4 - 13 - -4) + (56 - 44)?
7
Evaluate (15 - 3) + -5 + -10 + -2 - -3.
-2
Calculate 3 + 47 + -60 + 37.
27
What is (-6 - 1) + (10 - ((1 - -8) + -2))?
-4
Evaluate (-1 - 23) + 4 + (2 - 2) + -8.
-28
What is 18 - 5 - ((27 - 0) + -21)?
7
What is -22 + -7 + (36 - 7)?
0
307 + -306 - (22 - 1)
-20
Evaluate (-4 - -3) + 6 - (-5 + 5 - 7).
12
(28 - -3 - (25 + -11)) + 12
29
Calculate -16 - (27 - 13 - 19).
-11
Calculate (15 - ((-5 - 10) + 25)) + -5.
0
Evaluate (-3 + 7 - (2 + -5 - -2)) + -9.
-4
What is 2 + (12 - (-12 + 24 - -3) - 7)?
-8
What is (-16 + 13 - -12) + (11 - 5)?
15
What is the value of (-555 - -550) + -5 + 0?
-10
What is the value of -12 + (5 - 8) + 1 + 7?
-7
(4 - (5 - 1) - 0) + 5 - -7
12
What is the value of 1262 - 1255 - (-1 + (0 - (0 - -1)))?
9
What is 3 + (13 - 16 - 4)?
-4
-12 - (-35 + 38 + -17)
2
Calculate 33 - (2 + 11 + -16 + 14).
22
What is the value of 1 + -11 + (111 - 95) - (-11 + -1)?
18
-25 + 1 + (-1525 - -1573)
24
Calculate -33 + (-54 - -54 - (1 + -1)) + 11.
-22
What is -1 - (35 + (-2 - 29))?
-5
Evaluate (13 - 6 - 7) + 7 + 5.
12
What is 1 - 10 - (-30 + 15)?
6
What is 6 + -8 + 6 - 2?
2
Evaluate 0 + 20 + -180 + 180 - -17.
37
What is 3 + (12 - 20) - (3 - (21 + 2))?
15
Evaluate 29 - (-25 - (6 + -36)).
24
What is 1 + 9 + 10 + -16?
4
What is 9 - (52 - 30) - (-9 + -2)?
-2
Evaluate -7 - (9 + (-15 - 0) + -22).
21
What is the value of 0 + (3 - 5) - (-1 + 7 - -1)?
-9
What is (-44 - (-24 + 26)) + 24?
-22
What is 160 + -171 - (2 + -3 + -1 - 25)?
16
-6 + -2 + (-6 - -12) + -6 + 2
-6
Evaluate -5 - 1 - (-22 + 25 - (0 - -4)).
-5
What is 8 + (-1 - 1) - (119 + -120 + -28)?
35
Calculate 17 + (-27 - -10) - 3.
-3
What is -16 - -13 - -15 - 1 - 19?
-8
What is the value of 3 + (1 + (4 - 4) - -3) + -6?
1
-17 - -6 - (9 - 10)
-10
Calculate 13 - (38 + -4) - -21.
0
What is (-3 - -2) + 122 + -117?
4
Calculate -5 - (-15 + -1 + 22).
-11
(-4 + 2 + 3 - (1 + 4)) + 13
9
-4 - -3 - (19 + -6 + 7) - 11
-32
Evaluate 34 - 17 - (-3 - 0).
20
What is -37 + 26 + 17 + (-1 - 8)?
-3
What is the value of (1 - -5) + 6 - (5 + -12 - -6)?
